{"id":714,"date":"2023-04-27T10:08:58","date_gmt":"2023-04-27T10:08:58","guid":{"rendered":"https:\/\/selmans.net\/?page_id=714"},"modified":"2023-04-27T10:36:13","modified_gmt":"2023-04-27T10:36:13","slug":"ekspert","status":"publish","type":"page","link":"https:\/\/selmans.net\/index.php\/ekspert\/","title":{"rendered":"Ekspert"},"content":{"rendered":"\n<p><\/p>\n\n\n\n<div class=\"wp-block-cover aligncenter has-background-dim-30 has-background-dim\" style=\"min-height:700px;aspect-ratio:unset;\"><img loading=\"lazy\" decoding=\"async\" width=\"1019\" height=\"763\" class=\"wp-block-cover__image-background wp-image-721\" alt=\"\" src=\"https:\/\/selmans.net\/wp-content\/uploads\/2023\/04\/photo-ekspert-1.png\" style=\"object-position:50% 50%\" data-object-fit=\"cover\" data-object-position=\"50% 50%\" srcset=\"https:\/\/selmans.net\/wp-content\/uploads\/2023\/04\/photo-ekspert-1.png 1019w, https:\/\/selmans.net\/wp-content\/uploads\/2023\/04\/photo-ekspert-1-300x225.png 300w, https:\/\/selmans.net\/wp-content\/uploads\/2023\/04\/photo-ekspert-1-768x575.png 768w\" sizes=\"auto, (max-width: 1019px) 100vw, 1019px\" \/><div class=\"wp-block-cover__inner-container is-layout-flow wp-block-cover-is-layout-flow\">\n<p class=\"has-text-align-left cover-text text-height has-large-font-size\"><strong>Sh\u00ebrbime t\u00eb pastrimit t\u00eb specializuara<br>dhe mir\u00ebbajtje p\u00ebr biznes edhe individ\u00eb<br>n\u00eb Kosov\u00eb. <\/strong><\/p>\n\n\n\n<p class=\"cover-text\">Ekspert n\u00eb pastrim, p\u00ebr nj\u00eb ambient<br>t\u00eb past\u00ebr dhe t\u00eb sh\u00ebndetsh\u00ebm. <\/p>\n<\/div><\/div>\n\n\n\n<figure class=\"wp-block-video rounded-video video-with-rounded-corners\"><video height=\"640\" style=\"aspect-ratio: 640 \/ 640;\" width=\"640\" autoplay loop muted src=\"https:\/\/selmans.net\/wp-content\/uploads\/2023\/04\/promo_vid.mp4\"><\/video><\/figure>\n\n\n\n<div style=\"height:100px\" aria-hidden=\"true\" class=\"wp-block-spacer\"><\/div>\n\n\n\n<h2 class=\"has-text-align-center has-text-color wp-block-heading\" style=\"color:#3150a2;font-size:60px\">Sh\u00ebrbimet q\u00eb ne ofrojm\u00eb<\/h2>\n\n\n\n<div style=\"height:100px\" aria-hidden=\"true\" class=\"wp-block-spacer\"><\/div>\n\n\n\n<div class=\"wp-block-columns is-layout-flex wp-container-core-columns-is-layout-9d6595d7 wp-block-columns-is-layout-flex\">\n<div class=\"wp-block-column is-layout-flow wp-block-column-is-layout-flow\" style=\"flex-basis:100%\">\n<div class=\"wp-block-columns is-layout-flex wp-container-core-columns-is-layout-9d6595d7 wp-block-columns-is-layout-flex\">\n<div class=\"wp-block-column is-layout-flow wp-block-column-is-layout-flow\">\n<figure class=\"wp-block-image size-full is-resized is-style-default rounded-image square-image\"><img loading=\"lazy\" decoding=\"async\" src=\"https:\/\/selmans.net\/wp-content\/uploads\/2023\/04\/foto1-edited-1.jpg\" alt=\"\" class=\"wp-image-727\" width=\"400\" height=\"400\" srcset=\"https:\/\/selmans.net\/wp-content\/uploads\/2023\/04\/foto1-edited-1.jpg 319w, https:\/\/selmans.net\/wp-content\/uploads\/2023\/04\/foto1-edited-1-300x300.jpg 300w, https:\/\/selmans.net\/wp-content\/uploads\/2023\/04\/foto1-edited-1-150x150.jpg 150w\" sizes=\"auto, (max-width: 400px) 100vw, 400px\" \/><\/figure>\n<\/div>\n\n\n\n<div class=\"wp-block-column is-layout-flow wp-block-column-is-layout-flow\">\n<h3 class=\"has-text-align-left has-text-color wp-block-heading\" style=\"color:#3150a2;font-size:30px\"><strong>Administrim i nd\u00ebrtesave kolektive<\/strong><\/h3>\n\n\n\n<div style=\"height:50px\" aria-hidden=\"true\" class=\"wp-block-spacer\"><\/div>\n\n\n\n<p class=\"has-text-color\" style=\"color:#3150a2;font-size:25px\">Nj\u00eb pako sh\u00ebrbimesh q\u00eb mbulon n\u00eb t\u00ebr\u00ebsi nevojat e higjien\u00ebs, funksionalitetit dhe siguris\u00eb n\u00eb komplekset e banimit.<a href=\"ndertesa.html\"><\/a><\/p>\n\n\n\n<div style=\"height:30px\" aria-hidden=\"true\" class=\"wp-block-spacer\"><\/div>\n\n\n\n<div class=\"wp-block-buttons is-layout-flex wp-block-buttons-is-layout-flex\">\n<div class=\"wp-block-button\"><a class=\"wp-block-button__link has-text-color has-background\" style=\"background-color:#3150a2;color:#e1e1e1\">Lexo m\u00eb shum\u00eb<\/a><\/div>\n<\/div>\n<\/div>\n<\/div>\n<\/div>\n<\/div>\n\n\n\n<div style=\"height:100px\" aria-hidden=\"true\" class=\"wp-block-spacer\"><\/div>\n\n\n\n<div class=\"wp-block-columns is-layout-flex wp-container-core-columns-is-layout-9d6595d7 wp-block-columns-is-layout-flex\">\n<div class=\"wp-block-column is-layout-flow wp-block-column-is-layout-flow\">\n<h3 class=\"has-text-color wp-block-heading\" style=\"color:#3150a2;font-size:30px\"><strong>Mir\u00ebmbajtje e institucioneve<\/strong><\/h3>\n\n\n\n<div style=\"height:50px\" aria-hidden=\"true\" class=\"wp-block-spacer\"><\/div>\n\n\n\n<p class=\"has-text-color\" style=\"color:#3150a2;font-size:25px\">Mir\u00ebmbajtje e institucioneve dhe hap\u00ebsirave publike. Ofrojm\u00eb sh\u00ebrbime sigurimi, pastrimi, mir\u00ebmbajtje gypash uji, mir\u00ebmbajtje e rrym\u00ebs dhe ashensorit.<a href=\"institucione.html\"><\/a><\/p>\n\n\n\n<div style=\"height:30px\" aria-hidden=\"true\" class=\"wp-block-spacer\"><\/div>\n\n\n\n<div class=\"wp-block-buttons is-layout-flex wp-block-buttons-is-layout-flex\">\n<div class=\"wp-block-button\"><a class=\"wp-block-button__link has-text-color has-background\" style=\"background-color:#3150a2;color:#e1e1e1\"> Lexo m\u00eb shum\u00eb<\/a><\/div>\n<\/div>\n<\/div>\n\n\n\n<div class=\"wp-block-column is-layout-flow wp-block-column-is-layout-flow\">\n<figure class=\"wp-block-image size-full is-resized rounded-image square-image\"><img decoding=\"async\" src=\"https:\/\/selmans.net\/wp-content\/uploads\/2023\/04\/foto2-edited.png\" alt=\"\" class=\"wp-image-912\" width=\"400\" srcset=\"https:\/\/selmans.net\/wp-content\/uploads\/2023\/04\/foto2-edited.png 787w, https:\/\/selmans.net\/wp-content\/uploads\/2023\/04\/foto2-edited-300x270.png 300w, https:\/\/selmans.net\/wp-content\/uploads\/2023\/04\/foto2-edited-768x690.png 768w\" sizes=\"(max-width: 787px) 100vw, 787px\" \/><\/figure>\n<\/div>\n<\/div>\n\n\n\n<div style=\"height:100px\" aria-hidden=\"true\" class=\"wp-block-spacer\"><\/div>\n\n\n\n<div class=\"wp-block-columns is-layout-flex wp-container-core-columns-is-layout-9d6595d7 wp-block-columns-is-layout-flex\">\n<div class=\"wp-block-column is-layout-flow wp-block-column-is-layout-flow\">\n<figure class=\"wp-block-image size-large rounded-image square-image\"><img loading=\"lazy\" decoding=\"async\" width=\"1024\" height=\"971\" src=\"https:\/\/selmans.net\/wp-content\/uploads\/2023\/04\/inter-1024x971.jpg\" alt=\"\" class=\"wp-image-777\" srcset=\"https:\/\/selmans.net\/wp-content\/uploads\/2023\/04\/inter-1024x971.jpg 1024w, https:\/\/selmans.net\/wp-content\/uploads\/2023\/04\/inter-300x284.jpg 300w, https:\/\/selmans.net\/wp-content\/uploads\/2023\/04\/inter-768x728.jpg 768w, https:\/\/selmans.net\/wp-content\/uploads\/2023\/04\/inter.jpg 1083w\" sizes=\"auto, (max-width: 1024px) 100vw, 1024px\" \/><\/figure>\n<\/div>\n\n\n\n<div class=\"wp-block-column is-layout-flow wp-block-column-is-layout-flow\">\n<h3 class=\"has-text-color wp-block-heading\" style=\"color:#3150a2;font-size:30px\"><strong>Intervenime individuale sipas k\u00ebrkes\u00ebs<\/strong><\/h3>\n\n\n\n<div style=\"height:50px\" aria-hidden=\"true\" class=\"wp-block-spacer\"><\/div>\n\n\n\n<p class=\"has-text-color\" style=\"color:#3150a2;font-size:25px\">Sh\u00ebrbimet tona t\u00eb mir\u00ebmbajtjes dhe pastrimit i ofrojm\u00eb n\u00eb ambiente t\u00eb ndryshme dhe sipas k\u00ebrkes\u00ebs suaj ne ambiente si n\u00eb sht\u00ebpi, zyre apo lokale.<a href=\"intervenime.html\"><\/a><\/p>\n\n\n\n<div style=\"height:30px\" aria-hidden=\"true\" class=\"wp-block-spacer\"><\/div>\n\n\n\n<div class=\"wp-block-buttons is-layout-flex wp-block-buttons-is-layout-flex\">\n<div class=\"wp-block-button\"><a class=\"wp-block-button__link has-text-color has-background\" style=\"background-color:#3150a2;color:#e1e1e1\">Lexo m\u00eb shum\u00eb<\/a><\/div>\n<\/div>\n<\/div>\n<\/div>\n\n\n\n<div style=\"height:100px\" aria-hidden=\"true\" class=\"wp-block-spacer\"><\/div>\n\n\n\n<div class=\"wp-block-columns is-layout-flex wp-container-core-columns-is-layout-9d6595d7 wp-block-columns-is-layout-flex\">\n<div class=\"wp-block-column is-layout-flow wp-block-column-is-layout-flow\">\n<h3 class=\"has-text-color wp-block-heading\" style=\"color:#3150a2;font-size:30px\"><strong>Renovime<\/strong><\/h3>\n\n\n\n<div style=\"height:50px\" aria-hidden=\"true\" class=\"wp-block-spacer\"><\/div>\n\n\n\n<p class=\"has-text-color\" style=\"color:#3150a2;font-size:25px\">Renovim dhe mobilim i ambienteve t\u00eb ndryshme t\u00eb banimit, pun\u00ebs, si dhe lokaleve e dyqaneve.<a href=\"renovime.html\"><\/a><\/p>\n\n\n\n<div style=\"height:30px\" aria-hidden=\"true\" class=\"wp-block-spacer\"><\/div>\n\n\n\n<div class=\"wp-block-buttons is-layout-flex wp-block-buttons-is-layout-flex\">\n<div class=\"wp-block-button\"><a class=\"wp-block-button__link has-text-color has-background\" style=\"background-color:#3150a2;color:#e1e1e1\">Lexo m\u00eb shum\u00eb<\/a><\/div>\n<\/div>\n<\/div>\n\n\n\n<div class=\"wp-block-column is-layout-flow wp-block-column-is-layout-flow\">\n<figure class=\"wp-block-image size-large is-resized rounded-image square-image\"><img decoding=\"async\" src=\"https:\/\/selmans.net\/wp-content\/uploads\/2023\/04\/foto4-edited.png\" alt=\"\" class=\"wp-image-910\" width=\"400\" srcset=\"https:\/\/selmans.net\/wp-content\/uploads\/2023\/04\/foto4-edited.png 1066w, https:\/\/selmans.net\/wp-content\/uploads\/2023\/04\/foto4-edited-300x267.png 300w, https:\/\/selmans.net\/wp-content\/uploads\/2023\/04\/foto4-edited-1024x913.png 1024w, https:\/\/selmans.net\/wp-content\/uploads\/2023\/04\/foto4-edited-768x684.png 768w\" sizes=\"(max-width: 1066px) 100vw, 1066px\" \/><\/figure>\n<\/div>\n<\/div>\n\n\n\n<div style=\"height:100px\" aria-hidden=\"true\" class=\"wp-block-spacer\"><\/div>\n\n\n\n<h2 class=\"has-text-color wp-block-heading\" style=\"color:#3150a2;font-size:40px\"><strong>P\u00ebrse ta zgjedhni Ekspertin?<\/strong><\/h2>\n\n\n\n<div style=\"height:50px\" aria-hidden=\"true\" class=\"wp-block-spacer\"><\/div>\n\n\n\n<div class=\"wp-block-columns is-layout-flex wp-container-core-columns-is-layout-9d6595d7 wp-block-columns-is-layout-flex\">\n<div class=\"wp-block-column is-vertically-aligned-center is-layout-flow wp-block-column-is-layout-flow\">\n<p class=\"has-text-align-left block-paragraph has-text-color\" style=\"color:#3150a2;font-size:25px\">Staf <strong>profesional <\/strong>dhe me p\u00ebrvoj\u00eb<\/p>\n\n\n\n<div style=\"height:50px\" aria-hidden=\"true\" class=\"wp-block-spacer\"><\/div>\n\n\n\n<p class=\"has-text-color\" style=\"color:#3150a2;font-size:25px\">Plane t\u00eb<strong> personalizuara <\/strong>pastrimi<\/p>\n\n\n\n<div style=\"height:50px\" aria-hidden=\"true\" class=\"wp-block-spacer\"><\/div>\n\n\n\n<p class=\"has-text-color\" style=\"color:#3150a2;font-size:25px\">\u00c7mime t\u00eb<strong> arsyeshme<\/strong><\/p>\n\n\n\n<div style=\"height:50px\" aria-hidden=\"true\" class=\"wp-block-spacer\"><\/div>\n\n\n\n<p class=\"has-text-color\" style=\"color:#3150a2;font-size:25px\">Siguri<strong> <\/strong>n\u00eb<strong> cil\u00ebsi<\/strong><\/p>\n<\/div>\n\n\n\n<div class=\"wp-block-column is-layout-flow wp-block-column-is-layout-flow\">\n<figure class=\"wp-block-image size-large is-resized rounded-image\"><img loading=\"lazy\" decoding=\"async\" src=\"https:\/\/selmans.net\/wp-content\/uploads\/2023\/04\/thirr-1024x1024.jpg\" alt=\"\" class=\"wp-image-747\" width=\"400\" height=\"400\" srcset=\"https:\/\/selmans.net\/wp-content\/uploads\/2023\/04\/thirr-1024x1024.jpg 1024w, https:\/\/selmans.net\/wp-content\/uploads\/2023\/04\/thirr-300x300.jpg 300w, https:\/\/selmans.net\/wp-content\/uploads\/2023\/04\/thirr-150x150.jpg 150w, https:\/\/selmans.net\/wp-content\/uploads\/2023\/04\/thirr-768x768.jpg 768w, https:\/\/selmans.net\/wp-content\/uploads\/2023\/04\/thirr-1536x1536.jpg 1536w, https:\/\/selmans.net\/wp-content\/uploads\/2023\/04\/thirr.jpg 1920w\" sizes=\"auto, (max-width: 400px) 100vw, 400px\" \/><\/figure>\n<\/div>\n<\/div>\n\n\n\n<div style=\"height:100px\" aria-hidden=\"true\" class=\"wp-block-spacer\"><\/div>\n\n\n\n<h2 class=\"has-text-align-center has-text-color wp-block-heading\" style=\"color:#3150a2;font-size:50px\"><strong>\u00c7far\u00eb thon\u00eb klient\u00ebt tan\u00eb p\u00ebr ne<\/strong><\/h2>\n\n\n\n<p class=\"has-text-align-center has-text-color\" style=\"color:#3150a2\">N\u00eb vazhdim\u00ebsi jemi duke gjetur forma se si t&#8217;i p\u00ebrmir\u00ebsojm\u00eb sh\u00ebrbimet tona, mir\u00ebpo nj\u00eb gj\u00eb nuk do t\u00eb ndryshoj\u00eb asnj\u00ebher\u00eb, synimi jone ky\u00e7 p\u00ebr t&#8217;iu l\u00ebn\u00eb t\u00eb k\u00ebnaqur me sh\u00ebrbimin ton\u00eb<\/p>\n\n\n\n<div style=\"height:50px\" aria-hidden=\"true\" class=\"wp-block-spacer\"><\/div>\n\n\n\n<div class=\"wp-block-columns is-layout-flex wp-container-core-columns-is-layout-9d6595d7 wp-block-columns-is-layout-flex\">\n<div class=\"wp-block-column is-layout-flow wp-block-column-is-layout-flow\">\n<figure class=\"wp-block-image size-full rounded-top-image\"><img loading=\"lazy\" decoding=\"async\" width=\"960\" height=\"960\" src=\"https:\/\/selmans.net\/wp-content\/uploads\/2023\/04\/download-1-edited.jpg\" alt=\"\" class=\"wp-image-906\" srcset=\"https:\/\/selmans.net\/wp-content\/uploads\/2023\/04\/download-1-edited.jpg 960w, https:\/\/selmans.net\/wp-content\/uploads\/2023\/04\/download-1-edited-300x300.jpg 300w, https:\/\/selmans.net\/wp-content\/uploads\/2023\/04\/download-1-edited-150x150.jpg 150w, https:\/\/selmans.net\/wp-content\/uploads\/2023\/04\/download-1-edited-768x768.jpg 768w\" sizes=\"auto, (max-width: 960px) 100vw, 960px\" \/><\/figure>\n\n\n\n<p class=\"review-text has-text-color has-background\" style=\"background-color:#3150a2;color:#e1e1e1;font-size:12px\">&#8220;Gjith\u00e7ka \u00ebsht\u00eb mir\u00eb, po \u00e7ka e vler\u00ebsoj m\u00eb s\u00eb shumti \u00ebsht\u00eb hap\u00ebsira e jashtme, sepse gjithmon\u00eb \u00ebsht\u00eb e past\u00ebr. Mir\u00ebmbajt\u00ebsi, Arbeni, \u00e7do dit\u00eb p\u00ebrkujdeset q\u00eb me qen\u00eb past\u00ebr, i largon edhe mbeturinat m\u00eb t\u00eb vogla.&#8221;<br>Banor n\u00eb kompleksin Blini 2<\/p>\n<\/div>\n\n\n\n<div class=\"wp-block-column is-layout-flow wp-block-column-is-layout-flow\">\n<figure class=\"wp-block-image size-full rounded-top-image image-padding-top\"><img loading=\"lazy\" decoding=\"async\" width=\"976\" height=\"976\" src=\"https:\/\/selmans.net\/wp-content\/uploads\/2023\/04\/download-4-edited.jpg\" alt=\"\" class=\"wp-image-900\" srcset=\"https:\/\/selmans.net\/wp-content\/uploads\/2023\/04\/download-4-edited.jpg 976w, https:\/\/selmans.net\/wp-content\/uploads\/2023\/04\/download-4-edited-300x300.jpg 300w, https:\/\/selmans.net\/wp-content\/uploads\/2023\/04\/download-4-edited-150x150.jpg 150w, https:\/\/selmans.net\/wp-content\/uploads\/2023\/04\/download-4-edited-768x768.jpg 768w\" sizes=\"auto, (max-width: 976px) 100vw, 976px\" \/><\/figure>\n\n\n\n<p class=\"review-text has-text-color has-background\" style=\"background-color:#3150a2;color:#e1e1e1;font-size:12px\">&#8220;Kamerat po na ofrojn\u00eb siguri, sepse po e dijm\u00eb se gjendja po mbikqyret dhe gjendja n\u00eb p\u00ebrgjith\u00ebsi \u00ebsht\u00eb shum\u00eb e mir\u00eb&#8221;<br>Banore n\u00eb objektin Guri 1<\/p>\n<\/div>\n\n\n\n<div class=\"wp-block-column is-layout-flow wp-block-column-is-layout-flow\">\n<figure class=\"wp-block-image size-full rounded-top-image\"><img loading=\"lazy\" decoding=\"async\" width=\"963\" height=\"963\" src=\"https:\/\/selmans.net\/wp-content\/uploads\/2023\/04\/download-2-edited.jpg\" alt=\"\" class=\"wp-image-902\" srcset=\"https:\/\/selmans.net\/wp-content\/uploads\/2023\/04\/download-2-edited.jpg 963w, https:\/\/selmans.net\/wp-content\/uploads\/2023\/04\/download-2-edited-300x300.jpg 300w, https:\/\/selmans.net\/wp-content\/uploads\/2023\/04\/download-2-edited-150x150.jpg 150w, https:\/\/selmans.net\/wp-content\/uploads\/2023\/04\/download-2-edited-768x768.jpg 768w\" sizes=\"auto, (max-width: 963px) 100vw, 963px\" \/><\/figure>\n\n\n\n<p class=\"review-text has-text-color has-background\" style=\"background-color:#3150a2;color:#e1e1e1;font-size:12px\">&#8220;Po filloj me pastrim q\u00eb \u00ebsht\u00eb n\u00eb nivel t\u00eb k\u00ebnaqsh\u00ebm. Vitin e kaluar \u00ebsht\u00eb p\u00ebrfunduar g\u00eblqerosja dhe vazhdon t\u00eb ruhet shum\u00eb mir\u00eb.&#8221;<br>Banor n\u00eb kompleksin Royal City<\/p>\n<\/div>\n\n\n\n<div class=\"wp-block-column is-layout-flow wp-block-column-is-layout-flow\">\n<figure class=\"wp-block-image size-full rounded-top-image image-padding-top\"><img loading=\"lazy\" decoding=\"async\" width=\"976\" height=\"976\" src=\"https:\/\/selmans.net\/wp-content\/uploads\/2023\/04\/download-3-edited.jpg\" alt=\"\" class=\"wp-image-904\" srcset=\"https:\/\/selmans.net\/wp-content\/uploads\/2023\/04\/download-3-edited.jpg 976w, https:\/\/selmans.net\/wp-content\/uploads\/2023\/04\/download-3-edited-300x300.jpg 300w, https:\/\/selmans.net\/wp-content\/uploads\/2023\/04\/download-3-edited-150x150.jpg 150w, https:\/\/selmans.net\/wp-content\/uploads\/2023\/04\/download-3-edited-768x768.jpg 768w\" sizes=\"auto, (max-width: 976px) 100vw, 976px\" \/><\/figure>\n\n\n\n<p class=\"review-text has-text-color has-background\" style=\"background-color:#3150a2;color:#e1e1e1;font-size:12px\">&#8220;Tep\u00ebr jam e k\u00ebnaqur me pastrim. Lifti s&#8217;ka problem asnj\u00ebher\u00eb. S&#8217;ka qasje askush p\u00ebrve\u00e7 neve banor\u00ebve e k\u00ebshtu po ruhet.&#8221;<br>Banore n\u00eb kompleksin Blini 1<\/p>\n<\/div>\n<\/div>\n\n\n\n<div style=\"height:100px\" aria-hidden=\"true\" class=\"wp-block-spacer\"><\/div>\n\n\n\n<h2 class=\"has-text-align-center has-text-color wp-block-heading\" style=\"color:#3150a2;font-size:60px\"><strong>Eksperti nd\u00ebr vite<\/strong><\/h2>\n\n\n\n<div style=\"height:50px\" aria-hidden=\"true\" class=\"wp-block-spacer\"><\/div>\n\n\n\n<div class=\"wp-block-columns is-layout-flex wp-container-core-columns-is-layout-9d6595d7 wp-block-columns-is-layout-flex\">\n<div class=\"wp-block-column is-layout-flow wp-block-column-is-layout-flow\">\n<p class=\"has-text-align-center has-text-color\" style=\"color:#3150a2;font-size:60px\">2K<\/p>\n\n\n\n<p class=\"has-text-align-center has-text-color\" style=\"color:#3150a2\">KLIENT\u00cb AKTIV<\/p>\n<\/div>\n\n\n\n<div class=\"wp-block-column is-layout-flow wp-block-column-is-layout-flow\">\n<p class=\"has-text-align-center has-text-color\" style=\"color:#3150a2;font-size:60px\">100+<\/p>\n\n\n\n<p class=\"has-text-align-center has-text-color\" style=\"color:#3150a2\">KOMPLEKSE BANIMI N\u00cb MIR\u00cbMBAJTJE<\/p>\n<\/div>\n\n\n\n<div class=\"wp-block-column is-layout-flow wp-block-column-is-layout-flow\">\n<p class=\"has-text-align-center has-text-color\" style=\"color:#3150a2;font-size:60px\">300+<\/p>\n\n\n\n<p class=\"has-text-align-center has-text-color\" style=\"color:#3150a2\">STAFF MEMBERS<\/p>\n<\/div>\n<\/div>\n\n\n\n<p><\/p>\n","protected":false},"excerpt":{"rendered":"<p>Sh\u00ebrbimet q\u00eb ne ofrojm\u00eb Administrim i nd\u00ebrtesave kolektive Nj\u00eb pako sh\u00ebrbimesh q\u00eb mbulon n\u00eb t\u00ebr\u00ebsi nevojat e higjien\u00ebs, funksionalitetit dhe siguris\u00eb n\u00eb komplekset e banimit. Mir\u00ebmbajtje e institucioneve Mir\u00ebmbajtje e institucioneve dhe hap\u00ebsirave publike. Ofrojm\u00eb sh\u00ebrbime sigurimi, pastrimi, mir\u00ebmbajtje gypash uji, mir\u00ebmbajtje e rrym\u00ebs dhe ashensorit. Intervenime individuale sipas k\u00ebrkes\u00ebs Sh\u00ebrbimet tona t\u00eb mir\u00ebmbajtjes dhe [&hellip;]<\/p>\n","protected":false},"author":1,"featured_media":0,"parent":0,"menu_order":0,"comment_status":"closed","ping_status":"closed","template":"","meta":{"footnotes":""},"class_list":["post-714","page","type-page","status-publish","hentry"],"acf":[],"_links":{"self":[{"href":"https:\/\/selmans.net\/index.php\/wp-json\/wp\/v2\/pages\/714","targetHints":{"allow":["GET"]}}],"collection":[{"href":"https:\/\/selmans.net\/index.php\/wp-json\/wp\/v2\/pages"}],"about":[{"href":"https:\/\/selmans.net\/index.php\/wp-json\/wp\/v2\/types\/page"}],"author":[{"embeddable":true,"href":"https:\/\/selmans.net\/index.php\/wp-json\/wp\/v2\/users\/1"}],"replies":[{"embeddable":true,"href":"https:\/\/selmans.net\/index.php\/wp-json\/wp\/v2\/comments?post=714"}],"version-history":[{"count":95,"href":"https:\/\/selmans.net\/index.php\/wp-json\/wp\/v2\/pages\/714\/revisions"}],"predecessor-version":[{"id":920,"href":"https:\/\/selmans.net\/index.php\/wp-json\/wp\/v2\/pages\/714\/revisions\/920"}],"wp:attachment":[{"href":"https:\/\/selmans.net\/index.php\/wp-json\/wp\/v2\/media?parent=714"}],"curies":[{"name":"wp","href":"https:\/\/api.w.org\/{rel}","templated":true}]}}